hat is -5e28 - 5?
-5e2d
In base 9, what is 557052 + -4?
557047
In base 6, what is 14043 - 211?
13432
In base 8, what is -372 + -4007?
-4401
In base 2, what is 1111001011101 - -110?
1111001100011
In base 13, what is 8a7 + -a?
89a
In base 9, what is -2 + 406836?
406834
In base 5, what is 14013 - 13?
14000
In base 14, what is -5a637 + 3?
-5a634
In base 3, what is -121000110 - 122?
-121001002
In base 7, what is 44440 - 0?
44440
In base 5, what is -1 - 1300440?
-1300441
In base 5, what is -1 + -20411203?
-20411204
In base 15, what is aa - d1?
-26
In base 7, what is 5 + 3151?
3156
In base 9, what is -207014 - 0?
-207014
In base 5, what is -2 + 321243?
321241
In base 7, what is -6 - -15301?
15262
In base 11, what is -5 + -98a86?
-98a90
In base 9, what is -606137 + -3?
-606141
In base 9, what is 3 - 235602?
-235588
In base 16, what is -9 + 2793?
278a
In base 15, what is 6747 - -3?
674a
In base 4, what is -30 - -10312?
10222
In base 14, what is -b - 23d89?
-23d96
In base 5, what is 20000121143 + 4?
20000121202
In base 7, what is -10061 - 63?
-10154
In base 5, what is 4 - -401224?
401233
In base 10, what is -1 + 2039?
2038
In base 10, what is -500 + 2843?
2343
In base 7, what is 3 - -1640405?
1640411
In base 6, what is -12301 + -10155?
-22500
In base 5, what is 211322032 - -4?
211322041
In base 13, what is 2 + -62c?
-62a
In base 14, what is -19d - 5b96?
-5d55
In base 9, what is 23046 + 1?
23047
In base 12, what is -55242 + 1?
-55241
In base 3, what is 112120011 - -101?
112120112
In base 5, what is 2 + 1040414?
1040421
In base 8, what is 1464042 + -5?
1464035
In base 10, what is -10 + 62405?
62395
In base 14, what is -4 + a18a1?
a189b
In base 13, what is -6a16 - -5?
-6a11
In base 2, what is -101011001100001010001 - -11?
-101011001100001001110
In base 14, what is 255 + 1d?
274
In base 12, what is 14b3 - 0?
14b3
In base 4, what is 1 + -21111?
-21110
In base 6, what is -5 + 443043?
443034
In base 12, what is -a1 - -54?
-49
In base 5, what is 1322 + 1024444?
1031321
In base 8, what is -117265 - -4?
-117261
In base 14, what is 58c - -1b4?
762
In base 12, what is -162 + -30a?
-470
In base 9, what is 603511 + 2?
603513
In base 4, what is 122222 + 3132?
132020
In base 11, what is 244 - -60?
2a4
In base 16, what is -4 + f290?
f28c
In base 2, what is -1110110 - 111011010000?
-111101000110
In base 14, what is -ccc1 - 2?
-ccc3
In base 13, what is 9a2c1 + 1?
9a2c2
In base 2, what is 1001100110101101 + -1011?
1001100110100010
In base 7, what is -2 - 161462?
-161464
In base 8, what is 251 - -12?
263
In base 8, what is -1260410 - 1?
-1260411
In base 9, what is -4 - -15380?
15375
In base 2, what is -11 - 11001011101001?
-11001011101100
In base 3, what is 12 - -120220011?
120220100
In base 7, what is -244 + -2226?
-2503
In base 10, what is 7 + -1413?
-1406
In base 10, what is -5432 + 1?
-5431
In base 2, what is 10111011111111010110 - -110?
10111011111111011100
In base 15, what is -633d + -c?
-634a
In base 7, what is -3 - 502063?
-502066
In base 8, what is -51 + 26172?
26121
In base 16, what is -530 + 8?
-528
In base 3, what is -21 + 20121210?
20121112
In base 11, what is 43442 + -1?
43441
In base 2, what is 1010101 - 11111110010?
-11110011101
In base 12, what is 1458 + 7a?
1516
In base 9, what is 10 + 46223?
46233
In base 6, what is -20 + -1013502?
-1013522
In base 6, what is 14 + 1155?
1213
In base 6, what is 124 + -1122550?
-1122422
In base 9, what is -135 + -64?
-210
In base 11, what is -719541 - 1?
-719542
In base 5, what is -1113 - -1114?
1
In base 16, what is -134bd5 - 5?
-134bda
In base 9, what is -114568 - -11?
-114557
In base 3, what is -2212220021 - -1001?
-2212212020
In base 13, what is 11 - 828c?
-827b
In base 16, what is 1c4 + 19ac?
1b70
In base 12, what is 8644 - 0?
8644
In base 2, what is 11 + 10000000101111?
10000000110010
In base 13, what is -45c6 + 33?
-4593
In base 12, what is 4a71 - 7?
4a66
In base 11, what is 3 - -13285?
13288
In base 14, what is 0 - -27498a?
27498a
In base 7, what is 32652 - -31?
33013
In base 7, what is -4 - 12233?
-12240
In base 10, what is -8154 + -2?
-8156
In base 4, what is 1332013 - -20?
1332033
In base 15, what is -4 + -6e0?
-6e4
In base 6, what is 32 + -134240?
-134204
In base 8, what is -5 - -114746?
114741
In base 2, what is 10011 - -111100100?
111110111
In base 4, what is 100231 + -12332?
21233
In base 11, what is 0 - -1291?
1291
In base 3, what is 212111 - -200101?
1112212
In base 12, what is -5 + 3355?
3350
In base 2, what is 10111010001 - -10?
10111010011
In base 2, what is -1011011 - -101000001100?
100110110001
In base 11, what is 2 - -6a64?
6a66
In base 16, what is -17283 - -1a?
-17269
In base 15, what is -777 + 4?
-773
In base 7, what is 1624256 + -15?
1624241
In base 6, what is -41 + 251132?
251051
In base 12, what is -380367 + -5?
-380370
In base 4, what is -32020120 + 1?
-32020113
In base 16, what is c138 - 4?
c134
In base 16, what is -bc + -dca?
-e86
In base 5, what is 1 - 23203?
-23202
In base 13, what is -38 - 493?
-4cb
In base 7, what is -22 + 400033?
400011
In base 12, what is 1 - 5005?
-5004
In base 12, what is 8a6 + -13?
893
In base 14, what is 21 + 1d3?
214
In base 15, what is -2b6b + 1b4?
-29a7
In base 11, what is 0 + 3749?
3749
In base 16, what is e - cc4?
-cb6
In base 7, what is -1614 + -13115?
-15032
In base 8, what is -677071 - -5?
-677064
In base 16, what is 1 + -1993?
-1992
In base 2, what is -100 - -100110100100110001?
100110100100101101
In base 9, what is -1855431 + -5?
-1855436
In base 3, what is 21 - 102112011?
-102111220
In base 12, what is -1255 + 0?
-1255
In base 7, what is 1 - 200465?
-200464
In base 9, what is 156 - 34?
122
In base 3, what is -110202210 + 2?
-110202201
In base 15, what is -1700 - 24?
-1724
In base 6, what is -4350 - 25?
-4415
In base 6, what is -3 - -251135?
251132
In base 13, what is -847 - -13?
-834
In base 14, what is d7 - 9b6?
-8bd
In base 6, what is 5 - -1444215?
1444224
In base 5, what is 4424 - 141004?
-131030
In base 7, what is 0 + 3023523?
3023523
In base 12, what is -21 + 30959?
30938
In base 3, what is -212111100210 - -11?
-212111100122
In base 7, what is 2 + -303550?
-303545
In base 14, what is a868a + -1?
a8689
In base 14, what is b + -9406?
-93d9
In base 6, what is -10152 - -504?
-5244
In base 5, what is -23414 + 214?
-23200
In base 10, what is 4877822 - 3?
4877819
In base 2, what is 11110011 + 1001011?
100111110
In base 9, what is 6344 + -5?
6338
In base 6, what is -110 - 505?
-1015
In base 12, what is 2 - -746b?
7471
In base 3, what is 20102011101 - 12?
20102011012
In base 10, what is -9 + -3491?
-3500
In base 15, what is -a3 + -49?
-ec
In base 15, what is -7ba + 2?
-7b8
In base 8, what is -362642 + -1?
-362643
In base 8, what is 1120002 + -2?
1120000
In base 9, what is -4 - 170652?
-170656
In base 13, what is -b - 13159?
-13167
In base 2, what is -1000 + -10100000010111?
-10100000011111
In base 3, what is -1121210 + 1?
-1121202
In base 16, what is 2e + 2510?
253e
In base 8, what is 2703 - 61?
2622
In base 9, what is 217076 + 3?
217080
In base 10, what is -5 + 2627?
2622
In base 2, what is 1110111 + 1001001110011?
1001011101010
In base 6, what is -1010004 - 12?
-1010020
In base 4, what is 2 + 130112222?
130112230
In base 8, what is 46 + 75341?
75407
In base 4, what is -12303332 + -20?
-12310012
In base 7, what is 1225 + 333?
1561
In base 9, what is -27152 - -46?
-27105
In base 15, what is -1 + -a031?
-a032
In base 7, what is -25 + 11462?
11434
In base 9, what is 56 - 48?
7
In base 15, what is 8388 + -2?
8386
In base 16, what is e - -15e5?
15f3
In base 9, what is -16086 - -2?
-16084
In base 10, what is -4 + 250584?
250580
In base 15, what is 2 - a962?
-a960
In base 7, what is 3 + 4041?
4044
In base 8, what is -2151 - -274?
-1655
In base 13, what is 582 - c27?
-675
In base 7, what is 4053 + -5232?
-1146
In base 12, what is -1b8 - 78?
-274
In base 11, what is 114695 - -2?
114697
In base 14, what is -42 + -4b?
-8d
In base 9, what is -70 + 1067?
887
In base 11, what is -2 + 314244?
314242
In base 11, what is 6a7 - -6?
702
In base 15, what is -3 - -99b?
998
In base 15, what is -31b - -4a?
-2c1
In base 10, what is 3 + 3231?
3234
In base 4, what is 31300 - -313?
32213
In base 10, what is -7955 - 253?
-8208
In base 11, what is -1193a - -10?
-1192a
In base 6, wha